rivative of x**3/2 - 6*x**2 - x. Let c be 9 - 1 - (7 - 1 - 6). Calculate the remainder when 45 is divided by q(c).
9
Let b = -276 - -416. Suppose z = -4*t + 265, 2*t + 0*z = 2*z + b. Calculate the remainder when t is divided by 14.
11
What is the remainder when 201 is divided by 3 + 49 + -5 + 7 + 0?
39
Suppose -28*j - 66 = -10. Let c = 38 - 25. Let r = c + j. What is the remainder when r is divided by 7?
4
Let r = 163 + -65. Let p be r/21 - (-2)/(-3). Suppose -p*j - 4*q = -19 - 9, 4*j + 3*q - 26 = 0. What is the remainder when 8 is divided by j?
3
Let u(o) = -o**3 + 12*o**2 + o - 16. Let r be u(12). Let a = -10 + 23. What is the remainder when (-2 - r - 3) + -3 - -55 is divided by a?
12
Suppose -3*f + 0*f = -123. Suppose -55 + 12 = -5*s - 2*y, 5*s + 4*y = f. Suppose -s*c = -12*c + 72. What is the remainder when c is divided by 7?
3
Let h(z) = 11*z**2. Suppose -1 + 4 = 3*r. What is the remainder when 54 is divided by h(r)?
10
Let j = -32 - -87. Let l = 54 - 35. What is the remainder when j is divided by l?
17
Let a = -182 - -116. Let n = a - -83. Calculate the remainder when (-100)/3*3/(-2) is divided by n.
16
Let f(v) = 2*v - 6. Let m(r) = r - 1. Let j(i) = -f(i) + 8*m(i). Let t = 13 - 8. Calculate the remainder when 55 is divided by j(t).
27
Let d = -49 - -59. Suppose -4*r = -2*r - 74. What is the remainder when r is divided by d?
7
Suppose -2*z + 81 = -71. Let k = z + -42. Calculate the remainder when 65 is divided by k.
31
What is the remainder when ((-6)/(-4))/((-4)/(-152)) is divided by 29?
28
Let i be 27/(-24) + (-4)/(-32). What is the remainder when (-838)/(-8) - -1*i/(-4) is divided by 27?
24
Suppose -18 + 0 = -3*l. Let v(f) = 5*f - 12. What is the remainder when v(7) is divided by l?
5
Let a(x) = -5*x - 6. Suppose -80 = 4*i - 8*i. Let m = i + -25. What is the remainder when 54 is divided by a(m)?
16
Let n = 1186 - 979. What is the remainder when n is divided by 15?
12
Let q be 3/12 + (-1403)/(-4). Suppose -5*l + 232 = -4*i - q, -5*i = -2*l + 223. Suppose -81*j + 79*j = -48. What is the remainder when l is divided by j?
23
Let r(h) = h**3 - 4*h**2 + 4*h - 1. Let v be r(3). What is the remainder when (86*v/8)/(13/26) is divided by 22?
21
Suppose 301 = 3*r + r - 5*q, 0 = 2*r + 4*q - 170. Calculate the remainder when 867 is divided by r.
77
Let x be -2 + (-10)/(-2) + -3. Let m be (-2 - (-2 + x))/(-1). Suppose 38 = -m*s + s. What is the remainder when s is divided by 10?
8
Let p = -67 - -103. Suppose -y = 2*b + 3*b - 110, b + 3*y - p = 0. What is the remainder when 40 is divided by b?
19
Let i(g) = -5*g**2 + 16*g + 7. Let m be i(4). Calculate the remainder when m/(45/(-730)) - -4 is divided by 17.
14
Let d(u) = -u + 7. Let w be d(4). Let q(i) = 2*i**3 - 2*i - 5. Let o(f) = -f**2 - 9*f - 7. Calculate the remainder when q(w) is divided by o(-6).
10
Suppose 4*r = -4*i + 244, 20 = -i + 18. What is the remainder when r is divided by 11?
8
Let o(i) = i**2 + 4*i + 4. Let s(x) = x**2 + 7*x - 10. Let r be s(-8). Calculate the remainder when (5 - 3)*1 + (-2 - r) is divided by o(-3).
0
Let k be (30/4)/5*10. Suppose 8*p - 160 = 24*p. Let b = p + k. What is the remainder when b is divided by 4?
1
Let n be ((-3129)/(-6))/7 + (-1)/(-2). Suppose -5*j + 0*p - 5*p + n = 0, 50 = 4*j + 2*p. Calculate the remainder when j is divided by 7.
3
Suppose 0*o + 3*o = 4*m - 197, 0 = -m + 5*o + 45. Suppose 4*s - 5*l - 52 = 0, -5*s - 3*l - l = -65. Calculate the remainder when m is divided by s.
11
Suppose -3*w = -15, -s + 2*w = -2*s + 10. Suppose s = -40*f + 42*f - 34. Calculate the remainder when 30 is divided by f.
13
Suppose 5*p - 3*z + 6*z = -6, 9 = 3*z. Let i be (-45)/6*(-8)/p. Let n = i + 27. Calculate the remainder when 33 is divided by n.
5
Suppose -5*t - 21 = -4*a, 2*a + 0*t = -5*t + 3. Let d = a - 2. Let k(z) = 14*z + 639. What is the remainder when k(-45) is divided by d?
1
Let y(b) = 87*b**2 + 3*b + 2. Suppose o = -3*o - 4. Let g be y(o). Suppose 4*m - g = 38. Calculate the remainder when 90 is divided by m.
28
Suppose 37 = 2*c + 35. What is the remainder when c*-1 - (7 + (-5 - 50)) is divided by 11?
3
Suppose 22*l + 43*l - 1905 = 1085. Suppose -4*m - m = -2*h - 75, -5*h + 110 = 5*m. What is the remainder when l is divided by m?
12
Suppose 0 = 9*x - 4*x - 40. Let b(i) = -5*i + 12. Let l be b(8). Let z = l + 41. What is the remainder when z is divided by x?
5
Suppose 5*l = -9*l. Suppose -37 = -q - 5*w, l*q + 2*w = -q + 37. What is the remainder when q is divided by 13?
11
Calculate the remainder when 357 is divided by 3 + (-92)/28 + 325/35.
6
Suppose -44*a = -1587 - 481. Calculate the remainder when 137 is divided by a.
43
Let c be (-4)/6 + (-28)/(-6). Suppose y - c*y + 39 = 0. Let u = -17 + 67. Calculate the remainder when u is divided by y.
11
Let p(f) = f**3 + 3*f**2 - 2*f + 18. What is the remainder when 194 is divided by p(3)?
62
Suppose 0 = 5*o + s - 1262, -4*o + 1004 = -30*s + 28*s. What is the remainder when o is divided by 20?
12
Suppose 0 = -2*v + 3*q + 85, 4*q + 27 = 2*v - 59. Calculate the remainder when v is divided by -7*(-3)/(2 + -1).
20
Let h = -10 - -14. Suppose 24 = h*k - 80. What is the remainder when k is divided by 15?
11
Let n(x) = -x**2 - 30*x - 188. Let o(k) = -7*k + 4. What is the remainder when o(-4) is divided by n(-10)?
8
Suppose -4*g - 1152 = -5*w + 212, 0 = -5*w + 5*g + 1360. Calculate the remainder when w is divided by 56.
52
Let x be 2/(-4)*4 - (1 + 0). Calculate the remainder when 17 is divided by 8 - (x + 3/(-3))/(-1).
1
Let m(x) = -89*x**3 - 2*x**2 - x. Let q be m(-1). Suppose -z + 62 = 2*w, -146 = -4*z - w + q. Calculate the remainder when z is divided by 20.
18
Suppose -2*r = -5*v + 4, r + 2 = 4*v - 8*v. Let h = v + 26. Calculate the remainder when 75 is divided by h.
23
Calculate the remainder when (2806/(-115))/(2/(-5)) is divided by 15.
1
Let d(t) be the first derivative of 5*t**3/3 + 2*t**2 + t + 5. What is the remainder when d(-4) is divided by 17?
14
Let u(t) = 4*t - 1. Suppose 0 = -3*w + 14*a - 12*a + 207, -w - 2*a + 53 = 0. What is the remainder when w is divided by u(6)?
19
Suppose -14*x = -13*x. Suppose 3*n - 33 - 48 = x. What is the remainder when n is divided by 14?
13
Suppose -5*x + 10*x = v - 601, -v - 119 = x. Let l = x + 130. What is the remainder when 49 is divided by l?
9
Let f be -21 - (4 + -6) - 3 - -2. Calculate the remainder when 9/(-15) - (1192/f - -2) is divided by 20.
17
Suppose -2*w = 5*z - 69, 3*w - 107 = -0*w - 4*z. What is the remainder when 209 is divided by w?
24
Let k be (5 - 66/18)/((-4)/(-18)). Suppose -k*b = 18*b - 384. Let v = 23 - 14. Calculate the remainder when b is divided by v.
7
Let y(a) = -32*a - 1. Let b be y(2). Let w = b - -95. Calculate the remainder when (-3)/(27/(-537)) - 2/3 is divided by w.
29
Suppose -5*u = -12*u - 91. Calculate the remainder when 10 is divided by (4/8 - 0) + u/(-2).
3
What is the remainder when 2/((-7)/(8841/(-6))) is divided by 69?
7
Suppose 2*v - 186 = -5*t, 3*t = 5*v + 64 + 60. Calculate the remainder when t is divided by 31.
7
Suppose -3*a - 47 = -8*a + 3*l, 4*a - 4*l = 36. Let q = a - 8. Suppose -3*f + 36 = q*u, 0 = 4*u + 16 - 4. What is the remainder when f is divided by 8?
6
Suppose y + 170 = 2*q, -4*q + 159 = -3*y - 179. What is the remainder when q is divided by 16?
6
Let f(u) = -u**3 - 12*u**2 - 3*u - 16. Let g be (-4)/6 + (-28)/(-6). Let w = g - 16. What is the remainder when 78 is divided by f(w)?
18
Suppose -2*u - 86 = 5*o, u - 2*o = -0*u - 25. Suppose -4*v - 179 = -3*t, -v - 1 + 5 = 0. Let z = u + t. Calculate the remainder when z is divided by 7.
4
Let r(k) = -112*k - 7. Let a be r(-1). Let z = 155 - a. Calculate the remainder when 194 is divided by z.
44
Calculate the remainder when (42 + -24)*((-11)/(-3) - 2) is divided by 26.
4
Let u be (1 + (-70)/7)*(-2 + 3). What is the remainder when ((-2)/3)/(2/(-30)) is divided by ((-14)/(-6))/((-3)/u)?
3
Let x be 2/(-3)*((-2826)/12 - -6). Suppose 0 = 5*c - x - 2. Calculate the remainder when c is divided by 8.
7
Let u = -25 + 13. Let d = u - -12. Suppose d*y - 4*y + 276 = 0. Calculate the remainder when y is divided by 18.
15
Let c be 2/(-2)*5*(11 + -12). Suppose c*k = -4 + 134. Suppose 0 = -5*d - 3*n + 19 + 26, 5*n - 36 = -4*d. Calculate the remainder when k is divided by d.
8
Suppose -5*s 